{"id":1212,"date":"2022-11-03T11:52:29","date_gmt":"2022-11-03T10:52:29","guid":{"rendered":"https:\/\/iib.org.pl\/?page_id=1212"},"modified":"2022-11-29T18:08:37","modified_gmt":"2022-11-29T17:08:37","slug":"sklep","status":"publish","type":"page","link":"https:\/\/iib.org.pl\/index.php\/sklep\/","title":{"rendered":"Sklep"},"content":{"rendered":"[vc_row full_width=&#8221;stretch_row_content&#8221; gap=&#8221;35&#8243; full_height=&#8221;yes&#8221; columns_placement=&#8221;bottom&#8221; equal_height=&#8221;yes&#8221; content_placement=&#8221;top&#8221; parallax=&#8221;content-moving&#8221; css=&#8221;.vc_custom_1668686483195{margin-top: -80px !important;margin-right: -60px !important;margin-left: -60px !important;background-image: url(https:\/\/iib.org.pl\/wp-content\/uploads\/2022\/11\/Baner-sklep.webp?id=1512) !important;}&#8221;][vc_column][gt3_spacing height=&#8221;150px&#8221;][gt3_custom_text css_animation=&#8221;fadeInUpBig&#8221; text_color=&#8221;#feffff&#8221; font_size=&#8221;60&#8243; line_height=&#8221;100&#8243; responsive_font=&#8221;true&#8221; font_size_tablet=&#8221;40&#8243; font_size_mobile=&#8221;25&#8243;]\n<p style=\"text-align: center;\"><strong>Sklep<\/strong><\/p>\n[\/gt3_custom_text][gt3_spacing height=&#8221;34px&#8221;][gt3_button button_title=&#8221;KONSULTACJA BIZNESOWA&#8221; button_size=&#8221;large&#8221; button_alignment=&#8221;center&#8221; btn_border_radius=&#8221;5px&#8221; btn_border_style=&#8221;none&#8221; css_animation=&#8221;fadeInUp&#8221; css=&#8221;.vc_custom_1669741706587{margin-right: 20px !important;}&#8221; link=&#8221;url:https%3A%2F%2Fiib.org.pl%23formularz_kontaktowy_kotwica|title:Kontakt&#8221;][gt3_spacing height=&#8221;170px&#8221;][\/vc_column][\/vc_row][vc_row][vc_column][vc_empty_space height=&#8221;7.5vh&#8221;][vc_column_text]Szykujemy swoje produkty dla Was ![\/vc_column_text][vc_empty_space height=&#8221;7.5vh&#8221;][\/vc_column][\/vc_row]\n","protected":false},"excerpt":{"rendered":"<p>[vc_row full_width=&#8221;stretch_row_content&#8221; gap=&#8221;35&#8243; full_height=&#8221;yes&#8221; columns_placement=&#8221;bottom&#8221; equal_height=&#8221;yes&#8221; content_placement=&#8221;top&#8221; parallax=&#8221;content-moving&#8221; css=&#8221;.vc_custom_1668686483195{margin-top: -80px !important;margin-right: -60px !important;margin-left: -60px !important;background-image: url(https:\/\/iib.org.pl\/wp-content\/uploads\/2022\/11\/Baner-sklep.webp?id=1512) !important;}&#8221;][vc_column][gt3_spacing height=&#8221;150px&#8221;][gt3_custom_text css_animation=&#8221;fadeInUpBig&#8221; text_color=&#8221;#feffff&#8221; font_size=&#8221;60&#8243; line_height=&#8221;100&#8243; responsive_font=&#8221;true&#8221; font_size_tablet=&#8221;40&#8243; font_size_mobile=&#8221;25&#8243;] Sklep [\/gt3_custom_text][gt3_spacing height=&#8221;34px&#8221;][gt3_button button_title=&#8221;KONSULTACJA BIZNESOWA&#8221; button_size=&#8221;large&#8221; button_alignment=&#8221;center&#8221; btn_border_radius=&#8221;5px&#8221; btn_border_style=&#8221;none&#8221; css_animation=&#8221;fadeInUp&#8221; css=&#8221;.vc_custom_1669741706587{margin-right: 20px !important;}&#8221; link=&#8221;url:https%3A%2F%2Fiib.org.pl%23formularz_kontaktowy_kotwica|title:Kontakt&#8221;][gt3_spacing height=&#8221;170px&#8221;][\/vc_column][\/vc_row][vc_row][vc_column][vc_empty_space height=&#8221;7.5vh&#8221;][vc_column_text]Szykujemy swoje produkty dla Was ![\/vc_column_text][vc_empty_space height=&#8221;7.5vh&#8221;][\/vc_column][\/vc_row]<\/p>\n","protected":false},"author":1,"featured_media":0,"parent":0,"menu_order":0,"comment_status":"closed","ping_status":"open","template":"","meta":[],"yoast_head":"<!-- This site is optimized with the Yoast SEO plugin v19.11 - https:\/\/yoast.com\/wordpress\/plugins\/seo\/ -->\n<title>Sklep - Instytut Inicjatyw Biznesu<\/title>\n<meta name=\"robots\" content=\"index, follow, max-snippet:-1, max-image-preview:large, max-video-preview:-1\" \/>\n<link rel=\"canonical\" href=\"https:\/\/iib.org.pl\/index.php\/sklep\/\" \/>\n<meta property=\"og:locale\" content=\"pl_PL\" \/>\n<meta property=\"og:type\" content=\"article\" \/>\n<meta property=\"og:title\" content=\"Sklep - Instytut Inicjatyw Biznesu\" \/>\n<meta property=\"og:description\" content=\"[vc_row full_width=&#8221;stretch_row_content&#8221; gap=&#8221;35&#8243; full_height=&#8221;yes&#8221; columns_placement=&#8221;bottom&#8221; equal_height=&#8221;yes&#8221; content_placement=&#8221;top&#8221; parallax=&#8221;content-moving&#8221; css=&#8221;.vc_custom_1668686483195{margin-top: -80px !important;margin-right: -60px !important;margin-left: -60px !important;background-image: url(https:\/\/iib.org.pl\/wp-content\/uploads\/2022\/11\/Baner-sklep.webp?id=1512) !important;}&#8221;][vc_column][gt3_spacing height=&#8221;150px&#8221;][gt3_custom_text css_animation=&#8221;fadeInUpBig&#8221; text_color=&#8221;#feffff&#8221; font_size=&#8221;60&#8243; line_height=&#8221;100&#8243; responsive_font=&#8221;true&#8221; font_size_tablet=&#8221;40&#8243; font_size_mobile=&#8221;25&#8243;] Sklep [\/gt3_custom_text][gt3_spacing height=&#8221;34px&#8221;][gt3_button button_title=&#8221;KONSULTACJA BIZNESOWA&#8221; button_size=&#8221;large&#8221; button_alignment=&#8221;center&#8221; btn_border_radius=&#8221;5px&#8221; btn_border_style=&#8221;none&#8221; css_animation=&#8221;fadeInUp&#8221; css=&#8221;.vc_custom_1669741706587{margin-right: 20px !important;}&#8221; link=&#8221;url:https%3A%2F%2Fiib.org.pl%23formularz_kontaktowy_kotwica|title:Kontakt&#8221;][gt3_spacing height=&#8221;170px&#8221;][\/vc_column][\/vc_row][vc_row][vc_column][vc_empty_space height=&#8221;7.5vh&#8221;][vc_column_text]Szykujemy swoje produkty dla Was ![\/vc_column_text][vc_empty_space height=&#8221;7.5vh&#8221;][\/vc_column][\/vc_row]\" \/>\n<meta property=\"og:url\" content=\"https:\/\/iib.org.pl\/index.php\/sklep\/\" \/>\n<meta property=\"og:site_name\" content=\"Instytut Inicjatyw Biznesu\" \/>\n<meta property=\"article:publisher\" content=\"https:\/\/www.facebook.com\/Instytut.Inicjatyw.Biznesu\" \/>\n<meta property=\"article:modified_time\" content=\"2022-11-29T17:08:37+00:00\" \/>\n<meta name=\"twitter:card\" content=\"summary_large_image\" \/>\n<meta name=\"twitter:site\" content=\"@BiznesuInstytut\" \/>\n<meta name=\"twitter:label1\" content=\"Szacowany czas czytania\" \/>\n\t<meta name=\"twitter:data1\" content=\"1 minuta\" \/>\n<script type=\"application\/ld+json\" class=\"yoast-schema-graph\">{\"@context\":\"https:\/\/schema.org\",\"@graph\":[{\"@type\":\"WebPage\",\"@id\":\"https:\/\/iib.org.pl\/index.php\/sklep\/\",\"url\":\"https:\/\/iib.org.pl\/index.php\/sklep\/\",\"name\":\"Sklep - Instytut Inicjatyw Biznesu\",\"isPartOf\":{\"@id\":\"https:\/\/iib.org.pl\/#website\"},\"datePublished\":\"2022-11-03T10:52:29+00:00\",\"dateModified\":\"2022-11-29T17:08:37+00:00\",\"breadcrumb\":{\"@id\":\"https:\/\/iib.org.pl\/index.php\/sklep\/#breadcrumb\"},\"inLanguage\":\"pl-PL\",\"potentialAction\":[{\"@type\":\"ReadAction\",\"target\":[\"https:\/\/iib.org.pl\/index.php\/sklep\/\"]}]},{\"@type\":\"BreadcrumbList\",\"@id\":\"https:\/\/iib.org.pl\/index.php\/sklep\/#breadcrumb\",\"itemListElement\":[{\"@type\":\"ListItem\",\"position\":1,\"name\":\"Strona g\u0142\u00f3wna\",\"item\":\"https:\/\/iib.org.pl\/\"},{\"@type\":\"ListItem\",\"position\":2,\"name\":\"Sklep\"}]},{\"@type\":\"WebSite\",\"@id\":\"https:\/\/iib.org.pl\/#website\",\"url\":\"https:\/\/iib.org.pl\/\",\"name\":\"Instytut Inicjatyw Biznesu\",\"description\":\"Jeste\u015bmy przekonani, \u017ce prawdziwa transformacja MSP to proces, pracujemy dla Was kompleksowo. Realizujemy konsultacje biznesowe, przeprowadzamy audyt, wsp\u00f3lnie tworzymy projekt i strategi\u0119, wdra\u017camy autorskie narz\u0119dzia analityczne i digitalizujemy obszary Twojej firmy. Uzupe\u0142niamy Twoje kompetencj\u0119, stawiaj\u0105c do dyspozycji zesp\u00f3\u0142 ekspercki aby\u015b nie opiera\u0142 si\u0119 na intuicji a efektywnie rozwija\u0142 firm\u0119.\",\"publisher\":{\"@id\":\"https:\/\/iib.org.pl\/#organization\"},\"potentialAction\":[{\"@type\":\"SearchAction\",\"target\":{\"@type\":\"EntryPoint\",\"urlTemplate\":\"https:\/\/iib.org.pl\/?s={search_term_string}\"},\"query-input\":\"required name=search_term_string\"}],\"inLanguage\":\"pl-PL\"},{\"@type\":\"Organization\",\"@id\":\"https:\/\/iib.org.pl\/#organization\",\"name\":\"Instytut Inicjatyw Biznesu\",\"url\":\"https:\/\/iib.org.pl\/\",\"logo\":{\"@type\":\"ImageObject\",\"inLanguage\":\"pl-PL\",\"@id\":\"https:\/\/iib.org.pl\/#\/schema\/logo\/image\/\",\"url\":\"https:\/\/iib.org.pl\/wp-content\/uploads\/2022\/11\/iiblogo.png\",\"contentUrl\":\"https:\/\/iib.org.pl\/wp-content\/uploads\/2022\/11\/iiblogo.png\",\"width\":171,\"height\":80,\"caption\":\"Instytut Inicjatyw Biznesu\"},\"image\":{\"@id\":\"https:\/\/iib.org.pl\/#\/schema\/logo\/image\/\"},\"sameAs\":[\"https:\/\/www.linkedin.com\/uas\/login?session_redirect=httpswww.linkedin.comcompanyinstytut-inicjatyw-biznesuaboutviewAsMembertrue\",\"https:\/\/www.youtube.com\/channel\/UC7Z5-LUhh15BNbSciDBWt4A\",\"https:\/\/www.facebook.com\/Instytut.Inicjatyw.Biznesu\",\"https:\/\/twitter.com\/BiznesuInstytut\"]}]}<\/script>\n<!-- \/ Yoast SEO plugin. -->","yoast_head_json":{"title":"Sklep - Instytut Inicjatyw Biznesu","robots":{"index":"index","follow":"follow","max-snippet":"max-snippet:-1","max-image-preview":"max-image-preview:large","max-video-preview":"max-video-preview:-1"},"canonical":"https:\/\/iib.org.pl\/index.php\/sklep\/","og_locale":"pl_PL","og_type":"article","og_title":"Sklep - Instytut Inicjatyw Biznesu","og_description":"[vc_row full_width=&#8221;stretch_row_content&#8221; gap=&#8221;35&#8243; full_height=&#8221;yes&#8221; columns_placement=&#8221;bottom&#8221; equal_height=&#8221;yes&#8221; content_placement=&#8221;top&#8221; parallax=&#8221;content-moving&#8221; css=&#8221;.vc_custom_1668686483195{margin-top: -80px !important;margin-right: -60px !important;margin-left: -60px !important;background-image: url(https:\/\/iib.org.pl\/wp-content\/uploads\/2022\/11\/Baner-sklep.webp?id=1512) !important;}&#8221;][vc_column][gt3_spacing height=&#8221;150px&#8221;][gt3_custom_text css_animation=&#8221;fadeInUpBig&#8221; text_color=&#8221;#feffff&#8221; font_size=&#8221;60&#8243; line_height=&#8221;100&#8243; responsive_font=&#8221;true&#8221; font_size_tablet=&#8221;40&#8243; font_size_mobile=&#8221;25&#8243;] Sklep [\/gt3_custom_text][gt3_spacing height=&#8221;34px&#8221;][gt3_button button_title=&#8221;KONSULTACJA BIZNESOWA&#8221; button_size=&#8221;large&#8221; button_alignment=&#8221;center&#8221; btn_border_radius=&#8221;5px&#8221; btn_border_style=&#8221;none&#8221; css_animation=&#8221;fadeInUp&#8221; css=&#8221;.vc_custom_1669741706587{margin-right: 20px !important;}&#8221; link=&#8221;url:https%3A%2F%2Fiib.org.pl%23formularz_kontaktowy_kotwica|title:Kontakt&#8221;][gt3_spacing height=&#8221;170px&#8221;][\/vc_column][\/vc_row][vc_row][vc_column][vc_empty_space height=&#8221;7.5vh&#8221;][vc_column_text]Szykujemy swoje produkty dla Was ![\/vc_column_text][vc_empty_space height=&#8221;7.5vh&#8221;][\/vc_column][\/vc_row]","og_url":"https:\/\/iib.org.pl\/index.php\/sklep\/","og_site_name":"Instytut Inicjatyw Biznesu","article_publisher":"https:\/\/www.facebook.com\/Instytut.Inicjatyw.Biznesu","article_modified_time":"2022-11-29T17:08:37+00:00","twitter_card":"summary_large_image","twitter_site":"@BiznesuInstytut","twitter_misc":{"Szacowany czas czytania":"1 minuta"},"schema":{"@context":"https:\/\/schema.org","@graph":[{"@type":"WebPage","@id":"https:\/\/iib.org.pl\/index.php\/sklep\/","url":"https:\/\/iib.org.pl\/index.php\/sklep\/","name":"Sklep - Instytut Inicjatyw Biznesu","isPartOf":{"@id":"https:\/\/iib.org.pl\/#website"},"datePublished":"2022-11-03T10:52:29+00:00","dateModified":"2022-11-29T17:08:37+00:00","breadcrumb":{"@id":"https:\/\/iib.org.pl\/index.php\/sklep\/#breadcrumb"},"inLanguage":"pl-PL","potentialAction":[{"@type":"ReadAction","target":["https:\/\/iib.org.pl\/index.php\/sklep\/"]}]},{"@type":"BreadcrumbList","@id":"https:\/\/iib.org.pl\/index.php\/sklep\/#breadcrumb","itemListElement":[{"@type":"ListItem","position":1,"name":"Strona g\u0142\u00f3wna","item":"https:\/\/iib.org.pl\/"},{"@type":"ListItem","position":2,"name":"Sklep"}]},{"@type":"WebSite","@id":"https:\/\/iib.org.pl\/#website","url":"https:\/\/iib.org.pl\/","name":"Instytut Inicjatyw Biznesu","description":"Jeste\u015bmy przekonani, \u017ce prawdziwa transformacja MSP to proces, pracujemy dla Was kompleksowo. Realizujemy konsultacje biznesowe, przeprowadzamy audyt, wsp\u00f3lnie tworzymy projekt i strategi\u0119, wdra\u017camy autorskie narz\u0119dzia analityczne i digitalizujemy obszary Twojej firmy. Uzupe\u0142niamy Twoje kompetencj\u0119, stawiaj\u0105c do dyspozycji zesp\u00f3\u0142 ekspercki aby\u015b nie opiera\u0142 si\u0119 na intuicji a efektywnie rozwija\u0142 firm\u0119.","publisher":{"@id":"https:\/\/iib.org.pl\/#organization"},"potentialAction":[{"@type":"SearchAction","target":{"@type":"EntryPoint","urlTemplate":"https:\/\/iib.org.pl\/?s={search_term_string}"},"query-input":"required name=search_term_string"}],"inLanguage":"pl-PL"},{"@type":"Organization","@id":"https:\/\/iib.org.pl\/#organization","name":"Instytut Inicjatyw Biznesu","url":"https:\/\/iib.org.pl\/","logo":{"@type":"ImageObject","inLanguage":"pl-PL","@id":"https:\/\/iib.org.pl\/#\/schema\/logo\/image\/","url":"https:\/\/iib.org.pl\/wp-content\/uploads\/2022\/11\/iiblogo.png","contentUrl":"https:\/\/iib.org.pl\/wp-content\/uploads\/2022\/11\/iiblogo.png","width":171,"height":80,"caption":"Instytut Inicjatyw Biznesu"},"image":{"@id":"https:\/\/iib.org.pl\/#\/schema\/logo\/image\/"},"sameAs":["https:\/\/www.linkedin.com\/uas\/login?session_redirect=httpswww.linkedin.comcompanyinstytut-inicjatyw-biznesuaboutviewAsMembertrue","https:\/\/www.youtube.com\/channel\/UC7Z5-LUhh15BNbSciDBWt4A","https:\/\/www.facebook.com\/Instytut.Inicjatyw.Biznesu","https:\/\/twitter.com\/BiznesuInstytut"]}]}},"_links":{"self":[{"href":"https:\/\/iib.org.pl\/index.php\/wp-json\/wp\/v2\/pages\/1212"}],"collection":[{"href":"https:\/\/iib.org.pl\/index.php\/wp-json\/wp\/v2\/pages"}],"about":[{"href":"https:\/\/iib.org.pl\/index.php\/wp-json\/wp\/v2\/types\/page"}],"author":[{"embeddable":true,"href":"https:\/\/iib.org.pl\/index.php\/wp-json\/wp\/v2\/users\/1"}],"replies":[{"embeddable":true,"href":"https:\/\/iib.org.pl\/index.php\/wp-json\/wp\/v2\/comments?post=1212"}],"version-history":[{"count":11,"href":"https:\/\/iib.org.pl\/index.php\/wp-json\/wp\/v2\/pages\/1212\/revisions"}],"predecessor-version":[{"id":1778,"href":"https:\/\/iib.org.pl\/index.php\/wp-json\/wp\/v2\/pages\/1212\/revisions\/1778"}],"wp:attachment":[{"href":"https:\/\/iib.org.pl\/index.php\/wp-json\/wp\/v2\/media?parent=1212"}],"curies":[{"name":"wp","href":"https:\/\/api.w.org\/{rel}","templated":true}]}}